4). Let n = -14 + 29. Calculate the highest common divisor of n and y.
15
Let f(z) = z**3 + 14*z**2 - 14*z + 39. Let x be f(-12). Calculate the highest common factor of x and 10.
5
Let a = -3518 - -6290. Suppose 0 = 25*o + 8*o - a. Let c be 9*1/(-6)*-8. What is the highest common divisor of c and o?
12
Let v(f) = -3*f - 87. Let g be v(18). Let k = g - -241. Calculate the greatest common factor of k and 20.
20
Let u be (-4 + 1)*(-828)/54. Suppose -117 = 3*j - 0*j. Let p = u + j. Calculate the highest common factor of 7 and p.
7
Let c = 128 + -123. Suppose 0 = c*k - 3*z + 7*z - 946, -3*k - z = -562. What is the highest common factor of 6 and k?
6
Let z(i) = -10*i + 43. Let b be z(4). Suppose 291 = 4*k - b*k - 2*s, -3*k = 4*s - 903. Calculate the greatest common factor of k and 27.
27
Suppose -3*x = -s + 27, x = -0 + 2. Let u = 644 + -541. Suppose 3*w - i = u, 0 = w - 4*i - 19 - 30. What is the highest common divisor of s and w?
33
Suppose 4*w = 5*y - 39, -y + 6*y - 5*w - 35 = 0. Let o be -118*(y/2 - 6). What is the greatest common factor of 649 and o?
59
Suppose 1156*t = -1158*t + 2298*t + 17936. Calculate the highest common divisor of 817 and t.
19
Suppose 55*n - 7*n - n = 28012. What is the highest common factor of n and 3725?
149
Let t be ((-468)/(-7))/(9204/413 - 22). Calculate the highest common factor of 46 and t.
2
Let y be (11 - (2 + -7 + -1))*8. Calculate the highest common divisor of y and 4216.
136
Let r(k) = 14*k + 742. Let d be r(-53). Suppose 4*a + 1 = 3*a. Let s = d - a. Calculate the highest common divisor of s and 9.
1
Suppose 0 = 9*h - 12*h. Suppose t = -4 + 2, 5*y + 4*t - 12 = h. Suppose y*b - 20 = -0*b. Calculate the highest common divisor of 10 and b.
5
Let u(c) = -2*c**3 - 23*c**2 + 8*c - 21. Let i be u(-12). Let o = 38 - i. What is the highest common factor of 275 and o?
11
Let t be (-80)/50*(-15)/6. Let b be (-462)/(-35) + t/(-20). What is the highest common divisor of b and 26?
13
Suppose -3*h + h - 5*f + 15 = 0, 2*f + 13 = 3*h. Suppose -2*w - h*g + 375 = -0*g, -g = -w + 191. What is the greatest common factor of 10 and w?
10
Suppose 8878*w + 34752 = 8890*w. What is the highest common divisor of w and 112?
16
Let z = -1267495 - -1267514. Let u(l) be the second derivative of 39*l**5/20 - l**3/3 + l**2/2 + l. Let q be u(1). What is the highest common factor of q and z?
19
Suppose 400*l = 391*l + 61488. Suppose 1162 = -6*f + l. What is the highest common factor of 35 and f?
35
Let f(g) = -6*g**2 - 17*g. Let b be f(-3). Let c be (7 - (-26)/b)*-168. What is the greatest common divisor of c and 40?
40
Let k(w) = 2*w**2 + 6*w + 2. Suppose -11*d + 8 = -9*d. Suppose d*t - 14 = -3*t. Let u be k(t). Calculate the highest common divisor of u and 44.
22
Suppose -12*f + 8369 + 15655 = 0. What is the greatest common divisor of f and 154?
154
Let w = 276 + -272. Suppose -w*b - 860 = -9*b. Calculate the highest common divisor of 602 and b.
86
Let h(t) = 274*t + 2516. Let d be h(-7). Calculate the highest common factor of d and 728.
26
Let d(s) = 2*s**2 - 28*s - 226. Let o be d(-14). Calculate the greatest common factor of o and 342.
18
Suppose 2*v + 60 + 40 = 4*j, 3*j + 2*v = 61. Suppose -2970 = -j*l + 3585. What is the highest common divisor of 399 and l?
57
Suppose -147*o - 4*n = -144*o - 1216, o - 414 = 3*n. What is the greatest common divisor of 3009 and o?
51
Let s be (-6)/2 - (-8 + 3 + -1). Suppose 11 = -5*a + j + s*j, -a - 4*j = -17. What is the greatest common factor of a and 1?
1
Let k = 21519 - -63. Calculate the highest common factor of 198 and k.
198
Let w = 290 + -338. Let m be 196*(-6)/w*2. What is the greatest common divisor of m and 245?
49
Suppose 17*a - 19*a = 2*w - 59966, 119967 = 4*w - a. What is the greatest common divisor of w and 20?
10
Suppose -8*m - 12650 = -42*m - 12*m. Calculate the greatest common divisor of m and 55.
55
Let y(k) = -11*k**2 - 4*k + 22*k**2 + 0 - 12. Let w be y(-7). Suppose -6*h = -h - w. Calculate the highest common divisor of h and 74.
37
Suppose -15*y - 1123 + 1676 = -1967. Calculate the greatest common factor of 315 and y.
21
Suppose 44*n = -38*n + 1234884 - 191434. What is the greatest common divisor of 25 and n?
25
Let b be (-12 - 198/(-15))*(-140)/(-6). What is the greatest common divisor of 11844 and b?
28
Suppose 4*g - i - 753 = 0, -2*i + 551 = 18*g - 15*g. Let v = g + -107. What is the highest common factor of 640 and v?
80
Let l be (-105)/525 + (-62)/(-10). Calculate the highest common divisor of 1938 and l.
6
Suppose 0 = n + 65 - 65. Suppose n = 18*m - 6*m - 3948. What is the highest common factor of 47 and m?
47
Let u = -52 + 67. Suppose -5*x + 3*o = -188, -3*o - 133 = -4*x + u. Let d be 1*(24 + -4)/4. Calculate the greatest common divisor of x and d.
5
Suppose -4*q + 763 = -p - 445, 0 = -3*q - p + 899. Suppose -33364 = -120*r - 99*r - 5113. What is the greatest common factor of r and q?
43
Suppose 5*g - 41 = -2*z, 4*z - 5*g - 7 = -0. Suppose 28*h - 38 = -2*x + 23*h, -6 = 3*h. Calculate the greatest common divisor of x and z.
8
Let y(o) = 81*o**2 - 9*o - 21. Let p be y(-1). Calculate the greatest common factor of p and 5658.
69
Let s = 15714 + -15285. Calculate the greatest common divisor of 1661 and s.
11
Suppose 2*j - 6*j - 24 = 0. Let u be (j/18)/((-1)/(-6)). Let x be 3/(-2) + (-33)/u. Calculate the greatest common factor of 6 and x.
3
Suppose -2*x = 4*w - 2820, -3*w + 3*x = -1434 - 672. What is the highest common factor of 96 and w?
32
Let b(g) = -3*g**2 - 220*g + 57. Let m be b(0). Calculate the greatest common factor of 42807 and m.
57
Let i(x) = -4*x + 8. Let d be i(7). Let c = d - -145. Suppose 4*g = o + 18 + 76, -119 = -5*g + o. Calculate the greatest common divisor of g and c.
25
Let o = 9156 - 9081. What is the highest common factor of o and 165?
15
Suppose 5*h + 3*t = 576, 14*t - 9*t = -4*h + 440. What is the highest common factor of h and 3880?
40
Suppose -11*z - 19 = -415. What is the greatest common factor of z and 456?
12
Suppose 8*r + 3*r = 946. Suppose 2*g - 225 = -5*u + 33, -2*u + 129 = g. What is the highest common factor of r and g?
43
Let m be 12/(-45) - 3364694/(-4215). What is the highest common divisor of 7448 and m?
266
Let k(b) = -b**3 + 13*b**2 - 37*b + 17. Let n be k(9). Suppose -n*j = -39 - 57. Calculate the greatest common divisor of j and 27.
3
Suppose -17*g + 6491 = -5889 - 1084. Calculate the highest common factor of 288 and g.
72
Suppose -6*z - 1549 = -5959. Suppose 237 = -y + 6*y + 2*j, -j = -2*y + 102. Calculate the greatest common factor of y and z.
49
Let t(d) = -d**3 - 17*d**2 + 217*d - 93. Let f be t(-29). What is the highest common divisor of 34 and f?
34
Suppose 2273 = 26*i + 141. What is the highest common factor of 2501 and i?
41
Let q = -921 - -1823. Calculate the highest common factor of q and 242.
22
Suppose 0 = -2*x - 5 + 9. Suppose -3*q = -x*q - 16. Suppose 7*i + 12 = 13*i. Calculate the greatest common factor of q and i.
2
Let u(g) be the second derivative of 5/12*g**4 + 8*g + 5/2*g**2 - 1/20*g**5 - 2/3*g**3 + 0. Let y be u(3). Calculate the greatest common divisor of 1 and y.
1
Let z(m) = 145*m + 1784. Let n be z(-12). What is the greatest common factor of 1408 and n?
44
Let a(d) = d**3 + 8*d**2 + 12*d - 7. Let v be a(-5). Let i be 814/v + 3/12. Calculate the greatest common divisor of i and 12.
6
Suppose 2*a = 5*d + 397, -4*a + 2*a + 405 = 3*d. Let v = a - 196. Calculate the greatest common factor of v and 5.
5
Let b(g) = 88*g + 228. Let h be b(6). What is the highest common factor of h and 270?
54
Let p be 19 + -5 + -65 + 83. Let t(n) = n**3 - 4*n**2 - n + 5. Let r be t(4). Let w be (-480)/((-3)/r)*1. Calculate the greatest common divisor of p and w.
32
Suppose 0 = -6*w - 39*w + 180. Suppose -2*p + 0*p = -4*q + 208, w*p - 52 = -q. Calculate the greatest common divisor of 442 and q.
26
Let c = 24 + -20. Suppose 27*b - 16*b = 308. Calculate the highest common divisor of b and c.
4
Suppose 124*m - 260*m + 10064 = 0. Let w(z) = -z**3 - 5*z**2 - 6*z + 7. Let c be w(-5). What is the highest common divisor of m and c?
37
Suppose 15 = -78*f + 73*f, -8*c + 131 = -f. What is the greatest common divisor of c and 62?
2
Suppose 3*b + 1 = u - 3, 40 = 4*u - 4*b. Let k(f) = -2859*f - 17063. Let i be k(-6). Calculate the highest common fact